hat are the prime factors of 1053?
3, 13
What are the prime factors of 55461?
3, 7, 19, 139
List the prime factors of 34261.
34261
List the prime factors of 1356.
2, 3, 113
What are the prime factors of 486?
2, 3
What are the prime factors of 5542?
2, 17, 163
List the prime factors of 16227.
3, 601
List the prime factors of 7809.
3, 19, 137
List the prime factors of 524.
2, 131
List the prime factors of 2040.
2, 3, 5, 17
What are the prime factors of 4968?
2, 3, 23
List the prime factors of 8000.
2, 5
List the prime factors of 5358.
2, 3, 19, 47
List the prime factors of 1133.
11, 103
List the prime factors of 57787.
57787
What are the prime factors of 109417?
7, 11, 29
List the prime factors of 4311.
3, 479
What are the prime factors of 286?
2, 11, 13
What are the prime factors of 1504?
2, 47
List the prime factors of 1176.
2, 3, 7
List the prime factors of 1098.
2, 3, 61
List the prime factors of 101097.
3, 47, 239
What are the prime factors of 3215?
5, 643
List the prime factors of 4524.
2, 3, 13, 29
What are the prime factors of 549?
3, 61
What are the prime factors of 3575?
5, 11, 13
List the prime factors of 24045.
3, 5, 7, 229
List the prime factors of 946.
2, 11, 43
List the prime factors of 6955.
5, 13, 107
List the prime factors of 13866.
2, 3, 2311
What are the prime factors of 25217?
151, 167
List the prime factors of 32530.
2, 5, 3253
What are the prime factors of 1388?
2, 347
List the prime factors of 585.
3, 5, 13
List the prime factors of 1460.
2, 5, 73
What are the prime factors of 85655?
5, 37, 463
What are the prime factors of 10578?
2, 3, 41, 43
What are the prime factors of 2557?
2557
List the prime factors of 86602.
2, 19, 43, 53
List the prime factors of 1558.
2, 19, 41
List the prime factors of 16142.
2, 7, 1153
What are the prime factors of 28643?
28643
List the prime factors of 19339.
83, 233
List the prime factors of 691.
691
List the prime factors of 8381.
17, 29
List the prime factors of 43484.
2, 7, 1553
What are the prime factors of 4787?
4787
What are the prime factors of 5147?
5147
List the prime factors of 33326.
2, 19, 877
What are the prime factors of 2569?
7, 367
What are the prime factors of 1565?
5, 313
List the prime factors of 8340.
2, 3, 5, 139
List the prime factors of 7374.
2, 3, 1229
List the prime factors of 21813.
3, 11, 661
What are the prime factors of 1428?
2, 3, 7, 17
List the prime factors of 2092.
2, 523
List the prime factors of 1972.
2, 17, 29
List the prime factors of 3346.
2, 7, 239
List the prime factors of 965.
5, 193
What are the prime factors of 7165?
5, 1433
What are the prime factors of 13926?
2, 3, 11, 211
What are the prime factors of 46116?
2, 3, 7, 61
What are the prime factors of 238?
2, 7, 17
What are the prime factors of 45343?
45343
What are the prime factors of 10194?
2, 3, 1699
List the prime factors of 2157.
3, 719
What are the prime factors of 23419?
11, 2129
List the prime factors of 21890.
2, 5, 11, 199
List the prime factors of 2055.
3, 5, 137
What are the prime factors of 7939?
17, 467
List the prime factors of 3894.
2, 3, 11, 59
What are the prime factors of 708?
2, 3, 59
List the prime factors of 13744.
2, 859
What are the prime factors of 1355?
5, 271
List the prime factors of 91742.
2, 7, 6553
What are the prime factors of 1659?
3, 7, 79
What are the prime factors of 2614?
2, 1307
List the prime factors of 3077.
17, 181
What are the prime factors of 6722?
2, 3361
What are the prime factors of 1554?
2, 3, 7, 37
What are the prime factors of 114062?
2, 13, 41, 107
What are the prime factors of 104784?
2, 3, 37, 59
List the prime factors of 36174.
2, 3, 6029
List the prime factors of 115953.
3, 38651
List the prime factors of 733.
733
What are the prime factors of 71808?
2, 3, 11, 17
List the prime factors of 114.
2, 3, 19
List the prime factors of 21630.
2, 3, 5, 7, 103
List the prime factors of 16136.
2, 2017
What are the prime factors of 878?
2, 439
List the prime factors of 952.
2, 7, 17
What are the prime factors of 58664?
2, 7333
What are the prime factors of 132?
2, 3, 11
What are the prime factors of 2375?
5, 19
List the prime factors of 22.
2, 11
What are the prime factors of 25?
5
List the prime factors of 31295.
5, 11, 569
List the prime factors of 13146.
2, 3, 7, 313
What are the prime factors of 509?
509
List the prime factors of 19344.
2, 3, 13, 31
List the prime factors of 1333.
31, 43
List the prime factors of 12035.
5, 29, 83
List the prime factors of 94098.
2, 3, 15683
List the prime factors of 1635.
3, 5, 109
List the prime factors of 3106.
2, 1553
List the prime factors of 84509.
84509
List the prime factors of 2420.
2, 5, 11
What are the prime factors of 1468?
2, 367
List the prime factors of 6483.
3, 2161
What are the prime factors of 5424?
2, 3, 113
List the prime factors of 53912.
2, 23, 293
What are the prime factors of 140274?
2, 3, 7793
What are the prime factors of 51?
3, 17
What are the prime factors of 106645?
5, 7, 11, 277
List the prime factors of 6942.
2, 3, 13, 89
What are the prime factors of 780?
2, 3, 5, 13
List the prime factors of 41119.
13, 3163
What are the prime factors of 44912?
2, 7, 401
List the prime factors of 11716.
2, 29, 101
What are the prime factors of 1609?
1609
What are the prime factors of 40286?
2, 20143
List the prime factors of 2213.
2213
What are the prime factors of 468?
2, 3, 13
List the prime factors of 275.
5, 11
What are the prime factors of 1094?
2, 547
What are the prime factors of 28446?
2, 3, 11, 431
What are the prime factors of 6883?
6883
List the prime factors of 3544.
2, 443
What are the prime factors of 3630?
2, 3, 5, 11
What are the prime factors of 12039?
3, 4013
List the prime factors of 4559.
47, 97
What are the prime factors of 831?
3, 277
List the prime factors of 21538.
2, 11, 89
What are the prime factors of 1103?
1103
List the prime factors of 67.
67
What are the prime factors of 3014?
2, 11, 137
What are the prime factors of 204?
2, 3, 17
What are the prime factors of 422?
2, 211
List the prime factors of 491.
491
What are the prime factors of 10585?
5, 29, 73
What are the prime factors of 1515?
3, 5, 101
What are the prime factors of 56698?
2, 28349
List the prime factors of 20569.
67, 307
List the prime factors of 7384.
2, 13, 71
List the prime factors of 616.
2, 7, 11
What are the prime factors of 45868?
2, 11467
What are the prime factors of 82610?
2, 5, 11, 751
List the prime factors of 2872.
2, 359
What are the prime factors of 379?
379
What are the prime factors of 333?
3, 37
List the prime factors of 23545.
5, 17, 277
What are the prime factors of 21649?
21649
What are the prime factors of 11201?
23, 487
What are the prime factors of 53844?
2, 3, 7, 641
What are the prime factors of 14684?
2, 3671
List the prime factors of 2214.
2, 3, 41
What are the prime factors of 249?
3, 83
What are the prime factors of 31065?
3, 5, 19, 109
What are the prime factors of 14999?
53, 283
What are the prime factors of 430?
2, 5, 43
What are the prime factors of 4082?
2, 13, 157
What are the prime factors of 22579?
67, 337
List the prime factors of 4928.
2, 7, 11
List the prime factors of 2567.
17, 151
List the prime factors of 157.
157
What are the prime factors of 28758?
2, 3, 4793
List the prime factors of 1223.
1223
What are the prime factors of 1012?
2, 11, 23
List the prime factors of 89.
89
What are the prime factors of 50265?
3, 5, 1117
List the prime factors of 6470.
2, 5, 647
What are the prime factors of 7635?
3, 5, 509
List the prime factors of 20021.
20021
What are the prime factors of 42370?
2, 5, 19, 223
List the prime factors of 337.
337
What are the prime factors of 18058?
2, 9029
What are the prime factors of 2158?
2, 13, 83
What are the prime factors of 26576?
2, 11, 151
List the prime factors of 1138.
2, 569
List the prime factors of 13044.
2, 3, 1087
List the prime factors of 4891.
67, 73
List the prime factors of 84381.
3, 11, 2557
List the prime factors of 11193.
3, 7, 13, 41
List the prime factors of 15537.
3, 5179
What are the prime factors of 3168?
2, 3, 11
List the prime factors of 3460.
2, 5, 173
List the prime factors of 326.
2, 163
List the prime factors of 13885.
5, 2777
What are the prime factors of 626?
2, 313
List the prime factors of 403.
13, 31
What are